{"id":100,"date":"2019-08-29T10:27:17","date_gmt":"2019-08-29T08:27:17","guid":{"rendered":"http:\/\/www.solaenmalaga.com\/?page_id=100"},"modified":"2019-09-17T09:38:33","modified_gmt":"2019-09-17T07:38:33","slug":"mi-historia","status":"publish","type":"page","link":"https:\/\/www.solaenmalaga.com\/es_es\/mi-historia\/","title":{"rendered":"Mi historia"},"content":{"rendered":"\t\t<div data-elementor-type=\"wp-post\" data-elementor-id=\"100\" class=\"elementor elementor-100\">\n\t\t\t\t\t\t<section class=\"elementor-section elementor-top-section elementor-element elementor-element-1856f76d elementor-section-content-bottom elementor-section-boxed elementor-section-height-default elementor-section-height-default\" data-id=\"1856f76d\" data-element_type=\"section\" data-settings=\"{&quot;background_background&quot;:&quot;classic&quot;}\">\n\t\t\t\t\t\t<div class=\"elementor-container elementor-column-gap-default\">\n\t\t\t\t\t<div class=\"elementor-column elementor-col-50 elementor-top-column elementor-element elementor-element-32d4d194\" data-id=\"32d4d194\" data-element_type=\"column\">\n\t\t\t<div class=\"elementor-widget-wrap\">\n\t\t\t\t\t\t\t<\/div>\n\t\t<\/div>\n\t\t\t\t<div class=\"elementor-column elementor-col-50 elementor-top-column elementor-element elementor-element-7c08978\" data-id=\"7c08978\" data-element_type=\"column\" data-settings=\"{&quot;background_background&quot;:&quot;classic&quot;}\">\n\t\t\t<div class=\"elementor-widget-wrap elementor-element-populated\">\n\t\t\t\t\t\t<div class=\"elementor-element elementor-element-e63b0da elementor-widget elementor-widget-heading\" data-id=\"e63b0da\" data-element_type=\"widget\" data-widget_type=\"heading.default\">\n\t\t\t\t<div class=\"elementor-widget-container\">\n\t\t\t\t\t<h1 class=\"elementor-heading-title elementor-size-large\">El viaje que cambio mi vida<\/h1>\t\t\t\t<\/div>\n\t\t\t\t<\/div>\n\t\t\t\t<div class=\"elementor-element elementor-element-b1ac645 elementor-widget elementor-widget-text-editor\" data-id=\"b1ac645\" data-element_type=\"widget\" data-widget_type=\"text-editor.default\">\n\t\t\t\t<div class=\"elementor-widget-container\">\n\t\t\t\t\t\t\t\t\t<p>Me llamo Nuria y tengo 43 a\u00f1os, soy de Madrid y hace 20 a\u00f1os que llegu\u00e9 a M\u00e1laga por amor&#8230;<br \/>fue el viaje que cambi\u00f3 mi vida.<\/p><p>Hoy siento el deseo de querer estar sola, no sabes de d\u00f3nde viene y no lo puedes frenar. Necesito la soledad para re\ufb02exionar, encontrarme conmigo misma y continuar.<\/p>\t\t\t\t\t\t\t\t<\/div>\n\t\t\t\t<\/div>\n\t\t\t\t\t<\/div>\n\t\t<\/div>\n\t\t\t\t\t<\/div>\n\t\t<\/section>\n\t\t\t\t<section class=\"elementor-section elementor-top-section elementor-element elementor-element-1579b11c elementor-section-boxed elementor-section-height-default elementor-section-height-default\" data-id=\"1579b11c\" data-element_type=\"section\">\n\t\t\t\t\t\t<div class=\"elementor-container elementor-column-gap-default\">\n\t\t\t\t\t<div class=\"elementor-column elementor-col-100 elementor-top-column elementor-element elementor-element-2a655952\" data-id=\"2a655952\" data-element_type=\"column\">\n\t\t\t<div class=\"elementor-widget-wrap elementor-element-populated\">\n\t\t\t\t\t\t<div class=\"elementor-element elementor-element-1cdca7e8 elementor-widget elementor-widget-heading\" data-id=\"1cdca7e8\" data-element_type=\"widget\" data-widget_type=\"heading.default\">\n\t\t\t\t<div class=\"elementor-widget-container\">\n\t\t\t\t\t<h2 class=\"elementor-heading-title elementor-size-large\">\u00bfQuiz\u00e1s t\u00fa tambi\u00e9n lo sientes? <\/h2>\t\t\t\t<\/div>\n\t\t\t\t<\/div>\n\t\t\t\t<div class=\"elementor-element elementor-element-e2571b9 elementor-widget elementor-widget-text-editor\" data-id=\"e2571b9\" data-element_type=\"widget\" data-widget_type=\"text-editor.default\">\n\t\t\t\t<div class=\"elementor-widget-container\">\n\t\t\t\t\t\t\t\t\t<p>Quieres avanzar y no sabes c\u00f3mo, quieres gritar pero te sientes muda, quieres conocer gente especial y no la alcanzas, quieres divertirte pero&#8230; te sientes sola.<\/p>\t\t\t\t\t\t\t\t<\/div>\n\t\t\t\t<\/div>\n\t\t\t\t<div class=\"elementor-element elementor-element-e2ec9d8 elementor-widget elementor-widget-text-editor\" data-id=\"e2ec9d8\" data-element_type=\"widget\" data-widget_type=\"text-editor.default\">\n\t\t\t\t<div class=\"elementor-widget-container\">\n\t\t\t\t\t\t\t\t\t<p>En todos estos a\u00f1os me he sentido sola, muy sola, a pesar que mi trabajo me rodea siempre de gente muy interesante, pero hoy se que ese sentimiento interno de soledad, ven\u00eda dado porque desde que naci\u00f3 mi primer hijo deje de dedicar tiempo para mi, tiempo para pensar, para meditar, para despertar mis sentidos,&#8230; tiempo para vivir.<br \/>Me doy cuenta que me encuentro perdida en la vida, s\u00e9 que necesito un cambio, y tras mis pensamientos de soledad y tristeza, quiero encontrarme a mi misma. Una nube de pensamientos inundan mi mente, quiero volver a sentirme viva, quiero volver a sentirme yo, me grita mi mente y siente mi cuerpo.<br \/>Un d\u00eda decid\u00ed comprarme una bici, escuchaba a otras chicas hablar de las buenas sensaciones que viv\u00edan, no me llamaba mucho la atenci\u00f3n esta pr\u00e1ctica pero me lance.<br \/>Necesitaba tiempo para volver a descubrirme, estar conmigo a solas y desconectar de la rutina. En mis paseos interminables por M\u00e1laga, acariciando cada calle con mis manos en mi silencio, he descubierto una maravillosa ciudad, M\u00e1laga la ciudad que me trajo hace 20 a\u00f1os me ha dado la soluci\u00f3n que yo necesitaba&#8230; viajando SOLA por las calles de mi ciudad.<br \/>Hoy se que fue una gran decisi\u00f3n, gracias a mis viajes por M\u00e1laga sola en bici y caminando, he descubierto y despertado mi yo interno, ahora vuelvo a tener la fuerza que a\u00f1oraba para afrontar una nueva trayectoria en el viaje de mi vida.<br \/>Hoy quiero compartir contigo mi experiencia y mi vocaci\u00f3n, guiar a otras mujeres que quieren viajar solas a M\u00e1laga y ayudarte a ver que t\u00fa puedes cambiar tu vida, la respuesta est\u00e1 en tu interior, s\u00f3lo necesitas tiempo para ti.<br \/>Es el momento de comenzar tu viaje SOLA que har\u00e1 que vuelvas a sentirte viva.<br \/>Prepara tu maleta y l\u00e1nzate a descubrir M\u00e1laga, la ciudad que te cambiar\u00e1 tu vida, volver\u00e1s a reencontrarte contigo misma, a quererte, a mimarte, a sonre\u00edr, a apreciar las cosas bellas,&#8230; a ser TU.<\/p>\t\t\t\t\t\t\t\t<\/div>\n\t\t\t\t<\/div>\n\t\t\t\t\t<\/div>\n\t\t<\/div>\n\t\t\t\t\t<\/div>\n\t\t<\/section>\n\t\t\t\t<section class=\"elementor-section elementor-top-section elementor-element elementor-element-73f6fa16 elementor-section-boxed elementor-section-height-default elementor-section-height-default\" data-id=\"73f6fa16\" data-element_type=\"section\" data-settings=\"{&quot;background_background&quot;:&quot;classic&quot;}\">\n\t\t\t\t\t\t<div class=\"elementor-container elementor-column-gap-default\">\n\t\t\t\t\t<div class=\"elementor-column elementor-col-50 elementor-top-column elementor-element elementor-element-4adb7782\" data-id=\"4adb7782\" data-element_type=\"column\">\n\t\t\t<div class=\"elementor-widget-wrap elementor-element-populated\">\n\t\t\t\t\t\t<div class=\"elementor-element elementor-element-9c2d329 elementor-widget elementor-widget-heading\" data-id=\"9c2d329\" data-element_type=\"widget\" data-widget_type=\"heading.default\">\n\t\t\t\t<div class=\"elementor-widget-container\">\n\t\t\t\t\t<h2 class=\"elementor-heading-title elementor-size-default\">S\u00edgueme en:<\/h2>\t\t\t\t<\/div>\n\t\t\t\t<\/div>\n\t\t\t\t\t<\/div>\n\t\t<\/div>\n\t\t\t\t<div class=\"elementor-column elementor-col-50 elementor-top-column elementor-element elementor-element-4b54191\" data-id=\"4b54191\" data-element_type=\"column\">\n\t\t\t<div class=\"elementor-widget-wrap elementor-element-populated\">\n\t\t\t\t\t\t<div class=\"elementor-element elementor-element-4d43917 e-grid-align-tablet-center e-grid-align-mobile-center e-grid-align-left elementor-shape-rounded elementor-grid-0 elementor-widget elementor-widget-social-icons\" data-id=\"4d43917\" data-element_type=\"widget\" data-widget_type=\"social-icons.default\">\n\t\t\t\t<div class=\"elementor-widget-container\">\n\t\t\t\t\t\t\t<div class=\"elementor-social-icons-wrapper elementor-grid\">\n\t\t\t\t\t\t\t<span class=\"elementor-grid-item\">\n\t\t\t\t\t<a class=\"elementor-icon elementor-social-icon elementor-social-icon-facebook-f elementor-repeater-item-e1c7e02\" target=\"_blank\">\n\t\t\t\t\t\t<span class=\"elementor-screen-only\">Facebook-f<\/span>\n\t\t\t\t\t\t<i class=\"fab fa-facebook-f\"><\/i>\t\t\t\t\t<\/a>\n\t\t\t\t<\/span>\n\t\t\t\t\t\t\t<span class=\"elementor-grid-item\">\n\t\t\t\t\t<a class=\"elementor-icon elementor-social-icon elementor-social-icon-instagram elementor-repeater-item-38c0aa9\" target=\"_blank\">\n\t\t\t\t\t\t<span class=\"elementor-screen-only\">Instagram<\/span>\n\t\t\t\t\t\t<i class=\"fab fa-instagram\"><\/i>\t\t\t\t\t<\/a>\n\t\t\t\t<\/span>\n\t\t\t\t\t<\/div>\n\t\t\t\t\t\t<\/div>\n\t\t\t\t<\/div>\n\t\t\t\t\t<\/div>\n\t\t<\/div>\n\t\t\t\t\t<\/div>\n\t\t<\/section>\n\t\t\t\t<\/div>\n\t\t","protected":false},"excerpt":{"rendered":"<p>El viaje que cambio mi vida Me llamo Nuria y tengo 43 a\u00f1os, soy de Madrid y hace 20 a\u00f1os que llegu\u00e9 a M\u00e1laga por amor&#8230;fue el viaje que cambi\u00f3 mi vida. Hoy siento el deseo de querer estar sola, no sabes de d\u00f3nde viene y no lo puedes frenar. Necesito la soledad para re\ufb02exionar, &hellip;<\/p>\n<p class=\"read-more\"> <a class=\"\" href=\"https:\/\/www.solaenmalaga.com\/es_es\/mi-historia\/\"> <span class=\"screen-reader-text\">Mi historia<\/span> Leer m\u00e1s &raquo;<\/a><\/p>\n","protected":false},"author":1,"featured_media":0,"parent":0,"menu_order":0,"comment_status":"closed","ping_status":"closed","template":"elementor_canvas","meta":{"site-sidebar-layout":"no-sidebar","site-content-layout":"page-builder","ast-site-content-layout":"","site-content-style":"default","site-sidebar-style":"default","ast-global-header-display":"","ast-banner-title-visibility":"","ast-main-header-display":"","ast-hfb-above-header-display":"","ast-hfb-below-header-display":"","ast-hfb-mobile-header-display":"","site-post-title":"disabled","ast-breadcrumbs-content":"","ast-featured-img":"disabled","footer-sml-layout":"","theme-transparent-header-meta":"default","adv-header-id-meta":"","stick-header-meta":"","header-above-stick-meta":"","header-main-stick-meta":"","header-below-stick-meta":"","astra-migrate-meta-layouts":"","ast-page-background-enabled":"default","ast-page-background-meta":{"desktop":{"background-color":"","background-image":"","background-repeat":"repeat","background-position":"center center","background-size":"auto","background-attachment":"scroll","background-type":"","background-media":"","overlay-type":"","overlay-color":"","overlay-gradient":""},"tablet":{"background-color":"","background-image":"","background-repeat":"repeat","background-position":"center center","background-size":"auto","background-attachment":"scroll","background-type":"","background-media":"","overlay-type":"","overlay-color":"","overlay-gradient":""},"mobile":{"background-color":"","background-image":"","background-repeat":"repeat","background-position":"center center","background-size":"auto","background-attachment":"scroll","background-type":"","background-media":"","overlay-type":"","overlay-color":"","overlay-gradient":""}},"ast-content-background-meta":{"desktop":{"background-color":"var(--ast-global-color-5)","background-image":"","background-repeat":"repeat","background-position":"center center","background-size":"auto","background-attachment":"scroll","background-type":"","background-media":"","overlay-type":"","overlay-color":"","overlay-gradient":""},"tablet":{"background-color":"var(--ast-global-color-5)","background-image":"","background-repeat":"repeat","background-position":"center center","background-size":"auto","background-attachment":"scroll","background-type":"","background-media":"","overlay-type":"","overlay-color":"","overlay-gradient":""},"mobile":{"background-color":"var(--ast-global-color-5)","background-image":"","background-repeat":"repeat","background-position":"center center","background-size":"auto","background-attachment":"scroll","background-type":"","background-media":"","overlay-type":"","overlay-color":"","overlay-gradient":""}},"footnotes":""},"_links":{"self":[{"href":"https:\/\/www.solaenmalaga.com\/es_es\/wp-json\/wp\/v2\/pages\/100"}],"collection":[{"href":"https:\/\/www.solaenmalaga.com\/es_es\/wp-json\/wp\/v2\/pages"}],"about":[{"href":"https:\/\/www.solaenmalaga.com\/es_es\/wp-json\/wp\/v2\/types\/page"}],"author":[{"embeddable":true,"href":"https:\/\/www.solaenmalaga.com\/es_es\/wp-json\/wp\/v2\/users\/1"}],"replies":[{"embeddable":true,"href":"https:\/\/www.solaenmalaga.com\/es_es\/wp-json\/wp\/v2\/comments?post=100"}],"version-history":[{"count":0,"href":"https:\/\/www.solaenmalaga.com\/es_es\/wp-json\/wp\/v2\/pages\/100\/revisions"}],"wp:attachment":[{"href":"https:\/\/www.solaenmalaga.com\/es_es\/wp-json\/wp\/v2\/media?parent=100"}],"curies":[{"name":"wp","href":"https:\/\/api.w.org\/{rel}","templated":true}]}}

<div data-elementor-type="wp-post" data-elementor-id="100" class="elementor elementor-100">
						<section class="elementor-section elementor-top-section elementor-element elementor-element-1856f76d elementor-section-content-bottom elementor-section-boxed elementor-section-height-default elementor-section-height-default" data-id="1856f76d" data-element_type="section" data-settings="{&quot;background_background&quot;:&quot;classic&quot;}">
						<div class="elementor-container elementor-column-gap-default">
					<div class="elementor-column elementor-col-50 elementor-top-column elementor-element elementor-element-32d4d194" data-id="32d4d194" data-element_type="column">
			<div class="elementor-widget-wrap">
							</div>
		</div>
				<div class="elementor-column elementor-col-50 elementor-top-column elementor-element elementor-element-7c08978" data-id="7c08978" data-element_type="column" data-settings="{&quot;background_background&quot;:&quot;classic&quot;}">
			<div class="elementor-widget-wrap elementor-element-populated">
						<div class="elementor-element elementor-element-e63b0da elementor-widget elementor-widget-heading" data-id="e63b0da" data-element_type="widget" data-widget_type="heading.default">
				<div class="elementor-widget-container">
					<h1 class="elementor-heading-title elementor-size-large">El viaje que cambio mi vida</h1>				</div>
				</div>
				<div class="elementor-element elementor-element-b1ac645 elementor-widget elementor-widget-text-editor" data-id="b1ac645" data-element_type="widget" data-widget_type="text-editor.default">
				<div class="elementor-widget-container">
									<p>Me llamo Nuria y tengo 43 años, soy de Madrid y hace 20 años que llegué a Málaga por amor&#8230;<br />fue el viaje que cambió mi vida.</p><p>Hoy siento el deseo de querer estar sola, no sabes de dónde viene y no lo puedes frenar. Necesito la soledad para reﬂexionar, encontrarme conmigo misma y continuar.</p>								</div>
				</div>
					</div>
		</div>
					</div>
		</section>
				<section class="elementor-section elementor-top-section elementor-element elementor-element-1579b11c elementor-section-boxed elementor-section-height-default elementor-section-height-default" data-id="1579b11c" data-element_type="section">
						<div class="elementor-container elementor-column-gap-default">
					<div class="elementor-column elementor-col-100 elementor-top-column elementor-element elementor-element-2a655952" data-id="2a655952" data-element_type="column">
			<div class="elementor-widget-wrap elementor-element-populated">
						<div class="elementor-element elementor-element-1cdca7e8 elementor-widget elementor-widget-heading" data-id="1cdca7e8" data-element_type="widget" data-widget_type="heading.default">
				<div class="elementor-widget-container">
					<h2 class="elementor-heading-title elementor-size-large">¿Quizás tú también lo sientes? </h2>				</div>
				</div>
				<div class="elementor-element elementor-element-e2571b9 elementor-widget elementor-widget-text-editor" data-id="e2571b9" data-element_type="widget" data-widget_type="text-editor.default">
				<div class="elementor-widget-container">
									<p>Quieres avanzar y no sabes cómo, quieres gritar pero te sientes muda, quieres conocer gente especial y no la alcanzas, quieres divertirte pero&#8230; te sientes sola.</p>								</div>
				</div>
				<div class="elementor-element elementor-element-e2ec9d8 elementor-widget elementor-widget-text-editor" data-id="e2ec9d8" data-element_type="widget" data-widget_type="text-editor.default">
				<div class="elementor-widget-container">
									<p>En todos estos años me he sentido sola, muy sola, a pesar que mi trabajo me rodea siempre de gente muy interesante, pero hoy se que ese sentimiento interno de soledad, venía dado porque desde que nació mi primer hijo deje de dedicar tiempo para mi, tiempo para pensar, para meditar, para despertar mis sentidos,&#8230; tiempo para vivir.<br />Me doy cuenta que me encuentro perdida en la vida, sé que necesito un cambio, y tras mis pensamientos de soledad y tristeza, quiero encontrarme a mi misma. Una nube de pensamientos inundan mi mente, quiero volver a sentirme viva, quiero volver a sentirme yo, me grita mi mente y siente mi cuerpo.<br />Un día decidí comprarme una bici, escuchaba a otras chicas hablar de las buenas sensaciones que vivían, no me llamaba mucho la atención esta práctica pero me lance.<br />Necesitaba tiempo para volver a descubrirme, estar conmigo a solas y desconectar de la rutina. En mis paseos interminables por Málaga, acariciando cada calle con mis manos en mi silencio, he descubierto una maravillosa ciudad, Málaga la ciudad que me trajo hace 20 años me ha dado la solución que yo necesitaba&#8230; viajando SOLA por las calles de mi ciudad.<br />Hoy se que fue una gran decisión, gracias a mis viajes por Málaga sola en bici y caminando, he descubierto y despertado mi yo interno, ahora vuelvo a tener la fuerza que añoraba para afrontar una nueva trayectoria en el viaje de mi vida.<br />Hoy quiero compartir contigo mi experiencia y mi vocación, guiar a otras mujeres que quieren viajar solas a Málaga y ayudarte a ver que tú puedes cambiar tu vida, la respuesta está en tu interior, sólo necesitas tiempo para ti.<br />Es el momento de comenzar tu viaje SOLA que hará que vuelvas a sentirte viva.<br />Prepara tu maleta y lánzate a descubrir Málaga, la ciudad que te cambiará tu vida, volverás a reencontrarte contigo misma, a quererte, a mimarte, a sonreír, a apreciar las cosas bellas,&#8230; a ser TU.</p>								</div>
				</div>
					</div>
		</div>
					</div>
		</section>
				<section class="elementor-section elementor-top-section elementor-element elementor-element-73f6fa16 elementor-section-boxed elementor-section-height-default elementor-section-height-default" data-id="73f6fa16" data-element_type="section" data-settings="{&quot;background_background&quot;:&quot;classic&quot;}">
						<div class="elementor-container elementor-column-gap-default">
					<div class="elementor-column elementor-col-50 elementor-top-column elementor-element elementor-element-4adb7782" data-id="4adb7782" data-element_type="column">
			<div class="elementor-widget-wrap elementor-element-populated">
						<div class="elementor-element elementor-element-9c2d329 elementor-widget elementor-widget-heading" data-id="9c2d329" data-element_type="widget" data-widget_type="heading.default">
				<div class="elementor-widget-container">
					<h2 class="elementor-heading-title elementor-size-default">Sígueme en:</h2>				</div>
				</div>
					</div>
		</div>
				<div class="elementor-column elementor-col-50 elementor-top-column elementor-element elementor-element-4b54191" data-id="4b54191" data-element_type="column">
			<div class="elementor-widget-wrap elementor-element-populated">
						<div class="elementor-element elementor-element-4d43917 e-grid-align-tablet-center e-grid-align-mobile-center e-grid-align-left elementor-shape-rounded elementor-grid-0 elementor-widget elementor-widget-social-icons" data-id="4d43917" data-element_type="widget" data-widget_type="social-icons.default">
				<div class="elementor-widget-container">
							<div class="elementor-social-icons-wrapper elementor-grid">
							<span class="elementor-grid-item">
					<a class="elementor-icon elementor-social-icon elementor-social-icon-facebook-f elementor-repeater-item-e1c7e02" target="_blank">
						<span class="elementor-screen-only">Facebook-f</span>
						<i class="fab fa-facebook-f"></i>					</a>
				</span>
							<span class="elementor-grid-item">
					<a class="elementor-icon elementor-social-icon elementor-social-icon-instagram elementor-repeater-item-38c0aa9" target="_blank">
						<span class="elementor-screen-only">Instagram</span>
						<i class="fab fa-instagram"></i>					</a>
				</span>
					</div>
						</div>
				</div>
					</div>
		</div>
					</div>
		</section>
				</div>

<p>El viaje que cambio mi vida Me llamo Nuria y tengo 43 años, soy de Madrid y hace 20 años que llegué a Málaga por amor&#8230;fue el viaje que cambió mi vida. Hoy siento el deseo de querer estar sola, no sabes de dónde viene y no lo puedes frenar. Necesito la soledad para reﬂexionar, &hellip;</p>
<p class="read-more"> <a class="" href="https://www.solaenmalaga.com/es_es/mi-historia/"> <span class="screen-reader-text">Mi historia</span> Leer más &raquo;</a></p>
